(base 6) to base 11.
-363
What is 100111100 (base 2) in base 15?
161
Convert -814 (base 11) to base 7.
-2603
Convert -2cc (base 14) to base 2.
-1000111100
What is 104677 (base 8) in base 10?
35263
-2044 (base 7) to base 15
-32d
What is 12c (base 16) in base 4?
10230
What is 400 (base 5) in base 10?
100
What is 250 (base 14) in base 6?
2050
What is -5200 (base 13) in base 12?
-6677
Convert 6545 (base 8) to base 4.
311211
Convert -313021 (base 4) to base 12.
-2061
2211 (base 3) to base 14
56
What is -255246 (base 7) in base 2?
-1011100101101010
Convert -13303 (base 12) to base 15.
-7c20
What is 1133 (base 6) in base 9?
333
What is 40124 (base 5) in base 8?
4753
What is -110422 (base 5) in base 4?
-330112
Convert -10011 (base 2) to base 14.
-15
-110 (base 9) to base 6
-230
-36574 (base 9) to base 4
-11333101
Convert -1c0 (base 15) to base 13.
-252
Convert 6a6 (base 15) to base 2.
10111100010
What is ac (base 14) in base 6?
412
Convert -36434 (base 7) to base 4.
-2110022
2512 (base 6) to base 9
758
What is -15102 (base 7) in base 10?
-4167
Convert 1010000010010011 (base 2) to base 7.
230563
What is -11001101010101 (base 2) in base 11?
-9967
-6185 (base 14) to base 9
-25011
What is -376 (base 13) in base 6?
-2444
Convert 303024 (base 5) to base 3.
111101122
-11223122 (base 4) to base 13
-a781
Convert 5e9 (base 16) to base 12.
a61
-12dae (base 16) to base 4
-102312232
21121 (base 5) to base 12
997
What is -135573 (base 8) in base 2?
-1011101101111011
What is -6bc6 (base 13) in base 16?
-3b63
What is -1159 (base 10) in base 2?
-10010000111
Convert 101111111 (base 2) to base 10.
383
What is 2064 (base 8) in base 14?
56c
389 (base 16) to base 13
548
What is -10000 (base 2) in base 4?
-100
Convert 21b6 (base 13) to base 6.
33452
-d735 (base 15) to base 14
-12820
-70b (base 15) to base 6
-11202
208 (base 15) to base 12
322
What is 1013403 (base 5) in base 2?
100000101011000
-651 (base 9) to base 11
-444
Convert -216055 (base 8) to base 2.
-10001110000101101
-25255 (base 6) to base 5
-110104
What is 3a6 (base 14) in base 4?
23132
2210012 (base 3) to base 16
7ee
What is 5351 (base 7) in base 12?
1122
What is 5b9 (base 13) in base 8?
1745
Convert -263b (base 13) to base 2.
-1010101010010
10122 (base 5) to base 15
2e2
Convert 16100 (base 9) to base 3.
120010000
What is -39190 (base 10) in base 12?
-1a81a
Convert -1801 (base 9) to base 13.
-820
What is -11c5 (base 15) in base 13?
-1952
-1c0 (base 14) to base 9
-444
-111010000 (base 2) to base 14
-252
-73071 (base 9) to base 14
-137b4
Convert 1300144 (base 5) to base 10.
25049
Convert -19e (base 15) to base 16.
-176
Convert -1670 (base 13) to base 14.
-12bc
What is 31041 (base 6) in base 13?
1b58
Convert 111100101000010 (base 2) to base 12.
15b6a
Convert 737 (base 16) to base 12.
109b
Convert -379 (base 16) to base 2.
-1101111001
-b6 (base 13) to base 5
-1044
Convert -221011212 (base 3) to base 13.
-8480
Convert 2343 (base 10) to base 15.
a63
Convert -402302 (base 6) to base 7.
-161156
What is -21b (base 15) in base 16?
-1dc
Convert 18b19 (base 13) to base 11.
33093
-2220212 (base 3) to base 15
-96e
11b (base 15) to base 4
3323
17156 (base 12) to base 9
50283
-238 (base 16) to base 10
-568
1628 (base 9) to base 6
5425
6793 (base 11) to base 13
40b4
What is -d (base 15) in base 11?
-12
-12b (base 14) to base 8
-353
-3551 (base 6) to base 8
-1533
Convert 1201221 (base 3) to base 5.
20032
6 (base 13) to base 3
20
Convert -10133 (base 5) to base 2.
-1010011100
365 (base 12) to base 13
302
2427 (base 8) to base 15
5bd
100100100010 (base 2) to base 9
3177
Convert -3807 (base 15) to base 14.
-44c4
What is 230102 (base 4) in base 15?
c8e
Convert 9400 (base 13) to base 15.
60d4
122301 (base 4) to base 10
1713
Convert 21222020 (base 3) to base 14.
2191
Convert 75b8 (base 16) to base 15.
8de1
What is 16b4 (base 15) in base 6?
34354
-127 (base 15) to base 11
-219
Convert -82a (base 12) to base 5.
-14221
Convert -15458 (base 9) to base 14.
-3bdd
Convert 313040 (base 5) to base 9.
15230
What is 102101 (base 3) in base 4?
10303
Convert -821d (base 14) to base 2.
-101011101100011
Convert -4d (base 14) to base 3.
-2120
Convert -1111011011001 (base 2) to base 9.
-11744
What is -10233 (base 5) in base 11?
-580
1357 (base 13) to base 15
c51
Convert -13b (base 15) to base 12.
-1b5
What is 17c (base 15) in base 14?
1a6
Convert -1212 (base 15) to base 12.
-2282
What is -28223 (base 10) in base 4?
-12320333
Convert 45651 (base 9) to base 3.
1112201201
Convert -6885 (base 16) to base 10.
-26757
-199 (base 12) to base 6
-1113
-31 (base 8) to base 11
-23
Convert -213050 (base 6) to base 12.
-a186
-5293 (base 12) to base 14
-3419
What is -10125 (base 8) in base 2?
-1000001010101
1a567 (base 13) to base 16
c905
Convert -1011100 (base 3) to base 2.
-1101001110
Convert -11102121 (base 3) to base 10.
-3229
What is 1963 (base 10) in base 2?
11110101011
Convert 5478 (base 14) to base 13.
685b
Convert 2500 (base 15) to base 3.
101210200
Convert -6284 (base 11) to base 14.
-3064
Convert 137b (base 12) to base 6.
14235
12732 (base 8) to base 5
134334
2a124 (base 11) to base 14
1180b
458 (base 9) to base 13
230
-8870 (base 12) to base 10
-15060
What is -11101122 (base 3) in base 14?
-124b
What is -2251 (base 6) in base 14?
-2a3
Convert 3608 (base 9) to base 6.
20225
153260 (base 8) to base 7
316143
Convert 3278 (base 12) to base 7.
22136
Convert 24030 (base 8) to base 6.
115304
What is -120202 (base 4) in base 7?
-4402
Convert 1102012 (base 3) to base 5.
13111
Convert -670 (base 13) to base 2.
-10001010001
2474 (base 9) to base 8
3471
Convert 179 (base 14) to base 9.
366
What is 1101101100011 (base 2) in base 5?
211021
16 (base 7) to base 6
21
-1135 (base 8) to base 2
-1001011101
Convert -9a1a (base 16) to base 3.
-2000010010
Convert 400 (base 15) to base 8.
1604
What is 23047 (base 8) in base 3?
111101202
22006 (base 7) to base 13
2668
Convert -2002232 (base 4) to base 5.
-231431
What is 14660 (base 8) in base 4?
1212300
What is 236 (base 13) in base 6?
1435
Convert 1000021 (base 3) to base 11.
60a
What is -112012002 (base 3) in base 2?
-10100001100111
What is -122020000 (base 3) in base 15?
-3ac0
4823 (base 9) to base 7
13311
What is -1031 (base 7) in base 11?
-302
What is a0 (base 14) in base 13?
aa
What is 32213 (base 4) in base 5?
12220
22a (base 13) to base 8
566
Convert 12b9 (base 15) to base 8.
7637
-246 (base 14) to base 16
-1c6
-6c5 (base 15) to base 16
-5ff
Convert 836 (base 11) to base 4.
33233
2175 (base 8) to base 13
6a5
44100 (base 6) to base 16
17c4
What is 293 (base 11) in base 4?
11120
What is 202021 (base 3) in base 4?
20203
Convert -112102 (base 4) to base 13.
-859
Convert 1526 (base 10) to base 2.
10111110110
2331 (base 5) to base 14
1a5
What is -2801 (base 16) in base 7?
-41600
What is 21602 (base 9) in base 13?
66b0
What is 138 (base 15) in base 14?
15c
-112020002 (base 3) to base 9
-15202
What is ca3 (base 14) in base 4?
212333
Convert 123213 (base 4) to base 11.
1367
Convert -21 (base 8) to base 3.
-122
-49b5 (base 14) to base 7
-52415
-1a1 (base 12) to base 13
-175
9417 (base 12) to base 3
211011001
What is 3660 (base 14) in base 3?
111000120
What is 10110000111 (base 2) in base 7?
4061
Convert 6656 (base 7) to base 14.
c2d
What is c1c (base 16) in base 15?
dba
What is 5563 (base 9) in base 11?
30a4
61455 (base 8) to base 3
1021211100
165a (base 11) to base 15
967
What is -13231 (base 4) in base 16?
-1ed
-799 (base 12) to base 11
-933
2a15 (base 14) to base 9
11216
Convert 2222 (base 5) to base 13.
1b0
Convert 770 (base 8) to base 3.
200200
Convert -4d5 (base 16) to base 8.
-2325
What is -3003 (base 6) in base 9?
-803
Convert 9b7 (base 14) to base 8.
3605
What is 78b (base 16) in base 7?
5426
What is 8572 (base 9) in base 11?
480a
What is -1682 (base 10) in base 16?
-692
What is 10010101010 (base 2) in base 13?
70b
Convert -b0c (base 13) to base 9.
-2508
Convert -40151 (base 7) to base 8.
-22731
What is 179a (base 12) in base 7?
11215
-2977 (base 11) to base 16
-efb
Convert 426 (base 13) to base 7.
2031
Convert 41040 (base 7) to base 14.
38c7
3623 (base 8) to base 2
11110010011
2184 (base 11) to base 5
43000
What is -5 (base 12) in base 14?
-5
Convert -11111 (base 4) to base 15.
-17b
Convert -20045 (base 6) to base 9